the remainder when 11994 is divided by 2213?
929
Calculate the remainder when 76368 is divided by 76.
64
What is the remainder when 6361 is divided by 1815?
916
What is the remainder when 5512 is divided by 80?
72
What is the remainder when 268 is divided by 196?
72
What is the remainder when 106153 is divided by 58?
13
Calculate the remainder when 1256 is divided by 608.
40
Calculate the remainder when 513696 is divided by 32106.
0
Calculate the remainder when 375 is divided by 317.
58
What is the remainder when 3802 is divided by 1129?
415
Calculate the remainder when 115766 is divided by 10.
6
Calculate the remainder when 305355 is divided by 10.
5
What is the remainder when 42635 is divided by 14157?
164
Calculate the remainder when 20578 is divided by 82.
78
Calculate the remainder when 1665 is divided by 742.
181
What is the remainder when 4286 is divided by 4277?
9
What is the remainder when 107186 is divided by 232?
2
What is the remainder when 197293 is divided by 678?
673
Calculate the remainder when 2541 is divided by 531.
417
What is the remainder when 441008 is divided by 514?
510
Calculate the remainder when 157670 is divided by 144.
134
Calculate the remainder when 7683 is divided by 430.
373
Calculate the remainder when 7701 is divided by 1535.
26
Calculate the remainder when 38459 is divided by 4271.
20
What is the remainder when 2602 is divided by 539?
446
Calculate the remainder when 72451 is divided by 183.
166
Calculate the remainder when 43261 is divided by 169.
166
What is the remainder when 27582 is divided by 132?
126
Calculate the remainder when 21077 is divided by 114.
101
Calculate the remainder when 21353 is divided by 4262.
43
What is the remainder when 33458 is divided by 59?
5
What is the remainder when 2256414 is divided by 313?
310
Calculate the remainder when 77234 is divided by 36.
14
Calculate the remainder when 8515 is divided by 4114.
287
What is the remainder when 2933728 is divided by 19?
14
What is the remainder when 540363 is divided by 270173?
17
What is the remainder when 98205 is divided by 1023?
1020
Calculate the remainder when 642302 is divided by 256.
254
Calculate the remainder when 26975 is divided by 6688.
223
Calculate the remainder when 922 is divided by 89.
32
What is the remainder when 31163 is divided by 2597?
2596
What is the remainder when 1397 is divided by 734?
663
Calculate the remainder when 268172 is divided by 8.
4
What is the remainder when 7941 is divided by 605?
76
What is the remainder when 3764 is divided by 238?
194
Calculate the remainder when 16107 is divided by 37.
12
Calculate the remainder when 37056 is divided by 88.
8
Calculate the remainder when 3762 is divided by 249.
27
What is the remainder when 2929 is divided by 1152?
625
What is the remainder when 567159 is divided by 18?
15
Calculate the remainder when 55389 is divided by 24.
21
What is the remainder when 37404 is divided by 343?
17
Calculate the remainder when 455 is divided by 87.
20
What is the remainder when 7409 is divided by 670?
39
Calculate the remainder when 7616 is divided by 6.
2
Calculate the remainder when 573172 is divided by 191046.
34
Calculate the remainder when 62884 is divided by 6.
4
Calculate the remainder when 20075 is divided by 4497.
2087
Calculate the remainder when 5759 is divided by 50.
9
What is the remainder when 13327 is divided by 461?
419
What is the remainder when 286267 is divided by 486?
13
What is the remainder when 16008 is divided by 101?
50
What is the remainder when 22324 is divided by 186?
4
Calculate the remainder when 23256 is divided by 1795.
1716
What is the remainder when 1670 is divided by 8?
6
What is the remainder when 44125 is divided by 22051?
23
What is the remainder when 75669 is divided by 15127?
34
Calculate the remainder when 13199 is divided by 648.
239
Calculate the remainder when 16168 is divided by 165.
163
Calculate the remainder when 44207 is divided by 44195.
12
What is the remainder when 10085 is divided by 3855?
2375
What is the remainder when 781950 is divided by 48?
30
What is the remainder when 97565 is divided by 38?
19
What is the remainder when 2021 is divided by 43?
0
What is the remainder when 287749 is divided by 165?
154
What is the remainder when 2046 is divided by 157?
5
Calculate the remainder when 43463 is divided by 1052.
331
What is the remainder when 55104 is divided by 353?
36
Calculate the remainder when 828 is divided by 73.
25
Calculate the remainder when 25833 is divided by 215.
33
What is the remainder when 23385 is divided by 617?
556
What is the remainder when 402818 is divided by 344?
338
What is the remainder when 4942936 is divided by 182?
180
Calculate the remainder when 99599 is divided by 48.
47
What is the remainder when 13848 is divided by 50?
48
What is the remainder when 86658 is divided by 314?
308
Calculate the remainder when 5434 is divided by 1075.
59
What is the remainder when 61844 is divided by 131?
12
Calculate the remainder when 73011 is divided by 26.
3
Calculate the remainder when 943159 is divided by 20.
19
Calculate the remainder when 3615 is divided by 233.
120
Calculate the remainder when 46048 is divided by 17.
12
What is the remainder when 29077 is divided by 81?
79
What is the remainder when 2166 is divided by 323?
228
Calculate the remainder when 152504 is divided by 38106.
80
What is the remainder when 184517 is divided by 302?
297
Calculate the remainder when 6118 is divided by 5572.
546
Calculate the remainder when 1890 is divided by 941.
8
Calculate the remainder when 2822 is divided by 162.
68
Calculate the remainder when 138952 is divided by 79.
70
Calculate the remainder when 648 is divided by 579.
69
What is the remainder when 96996 is divided by 776?
772
What is the remainder when 31998 is divided by 33?
21
What is the remainder when 1333 is divided by 108?
37
What is the remainder when 4098 is divided by 29?
9
What is the remainder when 6691 is divided by 1670?
11
Calculate the remainder when 71866 is divided by 577.
318
Calculate the remainder when 314491 is divided by 8.
3
What is the remainder when 5115 is divided by 237?
138
What is the remainder when 1244 is divided by 256?
220
What is the remainder when 1117 is divided by 489?
139
What is the remainder when 32099 is divided by 10696?
11
What is the remainder when 71753 is divided by 5977?
29
What is the remainder when 8320 is divided by 1040?
0
Calculate the remainder when 29787 is divided by 30.
27
Calculate the remainder when 2841 is divided by 2087.
754
Calculate the remainder when 4644 is divided by 75.
69
Calculate the remainder when 1292 is divided by 449.
394
Calculate the remainder when 15807 is divided by 1624.
1191
Calculate the remainder when 86430 is divided by 565.
550
Calculate the remainder when 53903 is divided by 16.
15
Calculate the remainder when 1087 is divided by 33.
31
What is the remainder when 2362 is divided by 77?
52
What is the remainder when 65042 is divided by 23?
21
What is the remainder when 7865 is divided by 49?
25
What is the remainder when 23263 is divided by 37?
27
What is the remainder when 2746 is divided by 923?
900
Calculate the remainder when 17931 is divided by 640.
11
What is the remainder when 1295 is divided by 54?
53
Calculate the remainder when 50476 is divided by 69.
37
Calculate the remainder when 11059 is divided by 5518.
23
Calculate the remainder when 5858 is divided by 634.
152
Calculate the remainder when 1151 is divided by 148.
115
What is the remainder when 151000 is divided by 337?
24
What is the remainder when 9731 is divided by 41?
14
Calculate the remainder when 26377 is divided by 13186.
5
Calculate the remainder when 1384 is divided by 157.
128
Calculate the remainder when 3691 is divided by 765.
631
Calculate the remainder when 2560 is divided by 311.
72
Calculate the remainder when 380535 is divided by 40.
15
What is the remainder when 867 is divided by 140?
27
What is the remainder when 4268 is divided by 138?
128
Calculate the remainder when 58076 is divided by 19356.
8
Calculate the remainder when 11919 is divided by 477.
471
Calculate the remainder when 1536 is divided by 1502.
34
What is the remainder when 17281 is divided by 2756?
745
Calculate the rem